et w(o) = o**2 - o - 2. Let r be w(2). Suppose -3*f + 15 = r, 0*f + 2*f = 3*x - 140. What are the prime factors of x?
2, 5
Let c = -441 + 1180. List the prime factors of c.
739
Suppose 0 = -w + 4*y + 382, -2*w - 2*y = w - 1216. What are the prime factors of w?
2, 3, 67
Let f be -26*(-4)/(-32) - 7/(-28). Suppose 0 = 2*d + 4 - 6. List the prime factors of (d - (-62)/(-6))*f.
2, 7
Let h be (54/15)/(3/(-20)). Let f be (h/5)/((-3)/20). Let j = f + -19. What are the prime factors of j?
13
Let j(f) = -f**3 + 29*f**2 - 15*f + 62. What are the prime factors of j(18)?
2, 839
Let k = -666 + 1667. What are the prime factors of k?
7, 11, 13
Suppose -4*x - 4 = -12. Let b(g) = 9*g - 1 - 3*g**2 + 4 + 4*g**x + 6. What are the prime factors of b(-11)?
31
Let p(b) = 4 - 2 - 4*b + 6*b**2 - 4 + 3. List the prime factors of p(3).
43
Suppose -5*u + 341 = 2*r - 158, -2*u = 4*r - 1022. List the prime factors of r/3 - (-3)/(11 + -2).
2, 43
Let j(k) = 5*k**3 - 6*k**2 + 9*k - 22. List the prime factors of j(5).
2, 3, 83
Suppose 0 = 3*y - 2*b - 5545, -9251 = -5*y - 5*b + 6*b. What are the prime factors of y?
3, 617
Let z be (-100)/175*(0 - (-350)/(-4)). Let c be ((-4)/2)/((-2)/(-3)). List the prime factors of (0 - 0) + z + c.
47
Suppose 2*w - 124 + 16 = 0. Let i be ((-18)/w)/(1/(-27)). Suppose 5*f = i*f - 192. What are the prime factors of f?
2, 3
Let v = 36 + 34. Let z = v + -50. What are the prime factors of z?
2, 5
Let m(o) = -o**3 - 15*o**2 - 8*o - 1. Let l be m(-15). List the prime factors of (64/112)/(2/l).
2, 17
Let w = 41 - -14. Suppose w = 2*j - 183. Suppose -2*h - 19 = -j. What are the prime factors of h?
2, 5
Let g be (1 - 3)/(2/(-6)). Let k(f) = f. Let v be k(g). Suppose 0 = -y + v*y - 190. What are the prime factors of y?
2, 19
Let a = -114 - -28. Let i be 2*(a/(-4) + -3). Let s = -4 + i. What are the prime factors of s?
3, 11
Let l(q) = -13*q + 27. Let p be l(-25). Suppose 6*o = 10*o - p. List the prime factors of o.
2, 11
Suppose 5 = 2*j + 1, 4*j = 5*v - 8612. What are the prime factors of v?
2, 431
Let j = 153 + 10. List the prime factors of j.
163
Suppose 13 = 3*t + 5*k, 4*t + 0*k = -k + 23. Suppose 3*l + 0 + t = -a, -4*a - 4*l = 8. Suppose b = -a + 27. List the prime factors of b.
3
Suppose 0 = -12*l + 5*l + 749. What are the prime factors of l?
107
Suppose -12*m + 14040 = -2244. What are the prime factors of m?
23, 59
Suppose 0 = 3*n - 4*n + 26. Let s = -18 + n. Suppose 14 + s = g. What are the prime factors of g?
2, 11
Suppose 3*g + 6 = -c, 0 = c - 4*c - 3*g. Suppose 0 = u + 2*f - 220, -f = c*u - 6*f - 638. What are the prime factors of u?
2, 3
Suppose 4*a + 5*n + 225 = 0, 0 = 5*a + 4*n + n + 275. List the prime factors of ((-154)/(-55))/((-4)/a).
5, 7
Let z(c) = -14*c**2 + 15 + 3*c**2 - c**3 - 3*c**2 - 15*c. List the prime factors of z(-13).
41
Let h(q) = -6*q - 6. Let j(u) = u**2 + 2*u + 4. Let k be j(-6). Suppose -4*w + 0*w - k = 0. List the prime factors of h(w).
2, 3
Suppose -20 = -2*t - 8. Suppose -2*g - 280 = -t*g. What are the prime factors of g?
2, 5, 7
Suppose -3*v + 15 = 0, 23 + 19 = 3*m + 3*v. Suppose -3*s - w + 299 = 0, -5*w - m + 4 = 0. List the prime factors of s.
2, 5
Suppose -4*p = 5*y - 37, -5*p + 2*p + 4 = -y. List the prime factors of (-29)/p*18/(-1).
2, 3, 29
Suppose 3*b = 6, -b - b = -2*r. Suppose -w + 77 = s, -w - w + 134 = -r*s. What are the prime factors of w?
2, 3
Suppose -3*t - 113 + 566 = 3*h, 0 = 3*h - 5*t - 429. What are the prime factors of h?
2, 37
Suppose 2*g - g - 6 = 0. Let x = g - 3. Suppose u + 4*u - 80 = -4*l, -x*l = -3*u + 48. List the prime factors of u.
2
Let t(q) = -q**2 - 6*q + 5. Suppose -4 = 3*j + 14. Let s be t(j). Suppose -3*n = -6*n - 5*p + 75, -s*p = 0. What are the prime factors of n?
5
Let y be (-1)/4 + 84/16. Suppose r - 3*h - 9 = 0, -4*r + y*h = -2*r - 15. Suppose 25 = n - r*n. What are the prime factors of n?
5
Let l(p) = -2*p + 17. Let h(b) = 3*b - 25. Let x(r) = -5*h(r) - 7*l(r). Let w be x(6). Suppose -18*s + 17*s + 44 = w. List the prime factors of s.
2, 11
Let f(t) = t**3 - t**2 + 3*t - 2. Let r be f(2). Let s(p) = 9*p - 18. What are the prime factors of s(r)?
2, 3
What are the prime factors of 1 + 1116/(5 + 1)?
11, 17
Suppose k - c = c + 3, -2*k + 5*c = -10. Suppose -6*d - 204 = -9*d. What are the prime factors of (-4)/(-10) - d/k?
2, 7
What are the prime factors of (-459)/(-204)*(-2416)/(-3)?
2, 3, 151
Let s(z) = z**3 + 11*z**2 - 12*z + 8. Let p be s(-12). Suppose 0 = -2*t + p + 32. What are the prime factors of t?
2, 5
Let j = -86 + 85. List the prime factors of (j - (-6)/4)/(7/2254).
7, 23
Let k(r) = -110*r**3 - 2*r**2 + 2*r + 3. What are the prime factors of k(-1)?
109
Suppose 248 = -2*m + 6*m. Let c = 117 - m. List the prime factors of c.
5, 11
List the prime factors of (-206)/1236 - 37238/(-12).
29, 107
Suppose 2*k - 253 - 67 = 0. Suppose k = -x + 5*x. Suppose 0 = -0*n - 2*n + 4*h - 2, 3*h = -4*n + x. List the prime factors of n.
7
Let t(b) = 180*b**2 - 3*b - 3. Let l be t(-1). Suppose 5*s + l = 11*s. What are the prime factors of s?
2, 3, 5
Suppose -8*r + 21 = -3. Let t(n) = 32*n**2 - 5*n + 9. What are the prime factors of t(r)?
2, 3, 47
Let l be (-6)/5*5*2. Suppose 8*w + 22 = -5*q + 12*w, -5*w = 2*q - 11. What are the prime factors of (-414)/l - 1/q?
5, 7
Suppose -18*h + 23870 = 17*h. List the prime factors of h.
2, 11, 31
Let r(u) = u**3 - 9*u**2 + 7*u + 42. What are the prime factors of r(9)?
3, 5, 7
Let g(o) = 36*o - 313. What are the prime factors of g(34)?
911
Suppose 29*u - 34*u = -5*c - 5600, -4*u - c = -4505. What are the prime factors of u?
3, 5
Let h be 39/(-104) + (-1110)/(-16). Suppose -3*t - 4*j + 88 = -97, t - h = -5*j. List the prime factors of t.
59
Let g = 418 + -126. List the prime factors of g.
2, 73
Let o = 906 + -568. Let j = o + -219. List the prime factors of j.
7, 17
Let m(s) = s**2 - 9*s - 12. Let f be m(-8). Let r = 217 - f. What are the prime factors of r?
3, 31
Let y be 30/12*2*(-1)/(-1). Suppose -2*f = y*j - 0*f - 931, -937 = -5*j + f. What are the prime factors of j?
11, 17
Let c = -110 + -292. Let j be 8/(-4 + c/(-99)). Suppose -2*x + p = -p - 70, 4*x = 2*p + j. List the prime factors of x.
31
Suppose -2*y - 7 = i, -3*y - 2*i = 2*y + 20. List the prime factors of (-6)/(-4) + 3 + (-897)/y.
2, 7, 11
Suppose -169 = -x + 2*t, 6*t + 661 = 4*x + 3*t. What are the prime factors of x?
163
Let h = -8 - -16. Suppose -p = -2*p + h. Let l = 5 + p. What are the prime factors of l?
13
Let l(a) = 7*a**2 - 16*a + 14. Let q(y) = -22*y**2 + 47*y - 41. Let h(c) = -11*l(c) - 4*q(c). What are the prime factors of h(6)?
2, 167
Let c(m) = 14*m**2 + 4*m**2 + 2*m**3 - 8*m**2 - m**3 + 13 + 5*m. Let x be c(-9). List the prime factors of (-3)/(-7) - (-77)/x.
2
Let f = 24 + -32. Let a be (-52)/2*(-10 - f). What are the prime factors of (a/(-12))/((-1)/3)?
13
Let a = 1400 - 24. What are the prime factors of a?
2, 43
Let p(m) = -m**3 + 7*m**2 + m + 8. Let g be p(6). Suppose -2*u = 4*a - 334, 0 = -a - a - 4*u + 182. Let w = a - g. List the prime factors of w.
31
Let q(g) = g**3 - 34*g**2 + 13*g + 20. What are the prime factors of q(34)?
2, 3, 7, 11
Let f be 8 - 5 - 5 - -4. Let q(c) = 2*c**2 - 4*c - 6. Let t be q(6). Suppose -4*v = -d - 0*v + t, f*d = -5*v + 136. List the prime factors of d.
2, 29
Let j(s) = -s - 15. Let w be j(-7). Let o = w - -39. What are the prime factors of o?
31
Suppose 372 = -14*l + 10*l. Let f = -54 - l. What are the prime factors of f?
3, 13
Suppose -5*x + x + 12 = 0. Suppose 0 = -3*w - x*w - 78. Let h = 17 - w. List the prime factors of h.
2, 3, 5
Let b = -49 - -89. Let p = b - 56. What are the prime factors of (4 + p)*(-7)/2?
2, 3, 7
Suppose 2*s + 2 = 0, 4*f + 5*s + 618 - 3925 = 0. List the prime factors of f.
2, 3, 23
Suppose 5259 = 15*s - 4161. List the prime factors of s.
2, 157
Let u(t) be the second derivative of 2*t**3 + 4*t**2 - 2*t. Let w be u(9). Suppose 4*m - w + 4 = 0. List the prime factors of m.
2, 7
Let a(z) = z**3 + 11*z**2 + 2 + 9 - 2*z**3 + 0 - 6*z. What are the prime factors of a(10)?
3, 17
Let s(c) = c**3 - 6*c**2 + 3*c + 13. Let l be s(5). Suppose 85 = p + l*h, 4*p - 3*h = 2*h + 374. What are the prime factors of p?
7, 13
Let k(i) = 5*i**2 - 49*i + 20. List the prime factors of k(11).
2, 43
Let v = -16 + 15. Let p be 110/10 + v + -1. L